er when 64567 is divided by 9210.
97
What is the remainder when 97081058 is divided by 12135132?
2
What is the remainder when 8931397 is divided by 17721?
13
What is the remainder when 799146844 is divided by 101?
100
What is the remainder when 620107 is divided by 142?
135
Calculate the remainder when 19329786 is divided by 74.
24
What is the remainder when 470811 is divided by 3076?
183
What is the remainder when 194468 is divided by 3728?
612
What is the remainder when 1103305 is divided by 10780?
3745
What is the remainder when 36914 is divided by 4382?
1858
Calculate the remainder when 183592 is divided by 2002.
1410
Calculate the remainder when 365278248 is divided by 6617.
6614
Calculate the remainder when 155243149 is divided by 850.
849
What is the remainder when 13977565 is divided by 30?
25
What is the remainder when 85344 is divided by 514?
20
Calculate the remainder when 288286 is divided by 202.
32
Calculate the remainder when 22036 is divided by 59.
29
What is the remainder when 79003 is divided by 11238?
337
What is the remainder when 9491586 is divided by 4492?
4482
Calculate the remainder when 2123377 is divided by 60.
37
What is the remainder when 1810970 is divided by 27861?
5
Calculate the remainder when 1616471 is divided by 105.
101
What is the remainder when 486830 is divided by 1043?
792
What is the remainder when 25051880 is divided by 156?
152
What is the remainder when 15926865 is divided by 1238?
1233
What is the remainder when 34496791 is divided by 3317?
3308
Calculate the remainder when 5854637 is divided by 1289.
1288
Calculate the remainder when 6378898 is divided by 201.
163
Calculate the remainder when 9301076 is divided by 566.
564
What is the remainder when 62093 is divided by 1530?
893
What is the remainder when 162991 is divided by 144?
127
Calculate the remainder when 46897577 is divided by 56.
41
Calculate the remainder when 1191673 is divided by 595761.
151
Calculate the remainder when 610760 is divided by 135.
20
Calculate the remainder when 4099686 is divided by 1366531.
93
What is the remainder when 197955 is divided by 7087?
6606
What is the remainder when 906164 is divided by 302033?
65
What is the remainder when 36275 is divided by 770?
85
What is the remainder when 87790 is divided by 4025?
3265
Calculate the remainder when 537338 is divided by 83.
79
What is the remainder when 2260645 is divided by 350?
345
Calculate the remainder when 308313 is divided by 61548.
573
Calculate the remainder when 3402558 is divided by 398.
56
What is the remainder when 3200685 is divided by 778?
771
What is the remainder when 2240234 is divided by 131777?
25
What is the remainder when 517952 is divided by 73980?
92
Calculate the remainder when 362962 is divided by 221.
80
Calculate the remainder when 17604653 is divided by 70.
3
What is the remainder when 341811 is divided by 43?
4
Calculate the remainder when 94016 is divided by 1676.
160
What is the remainder when 6082610 is divided by 19?
7
What is the remainder when 71028 is divided by 71023?
5
What is the remainder when 221875 is divided by 45?
25
What is the remainder when 1065194 is divided by 38?
16
Calculate the remainder when 937752 is divided by 42622.
68
What is the remainder when 52463188 is divided by 1158?
1156
Calculate the remainder when 4427188 is divided by 3711.
3676
What is the remainder when 118358161 is divided by 1111?
1109
Calculate the remainder when 1269521 is divided by 901.
12
What is the remainder when 878837 is divided by 92?
53
Calculate the remainder when 6826898 is divided by 400.
98
Calculate the remainder when 235586 is divided by 9805.
266
Calculate the remainder when 963819 is divided by 602.
17
What is the remainder when 101676 is divided by 1182?
24
What is the remainder when 143425 is divided by 6233?
66
Calculate the remainder when 1253930 is divided by 626960.
10
What is the remainder when 223838 is divided by 1066?
1044
What is the remainder when 738277 is divided by 3281?
52
What is the remainder when 6066311 is divided by 87?
62
What is the remainder when 5382529 is divided by 1794113?
190
Calculate the remainder when 11604134 is divided by 60125.
9
What is the remainder when 518470 is divided by 74067?
1
Calculate the remainder when 2240083 is divided by 2.
1
Calculate the remainder when 41036 is divided by 1052.
8
What is the remainder when 5701086 is divided by 8?
6
Calculate the remainder when 844806 is divided by 372.
366
What is the remainder when 12477405 is divided by 1271?
1269
Calculate the remainder when 547957569 is divided by 427.
425
What is the remainder when 363247 is divided by 15133?
55
Calculate the remainder when 42326814 is divided by 3529.
3517
Calculate the remainder when 1093588 is divided by 691.
426
What is the remainder when 1334982 is divided by 279?
246
What is the remainder when 76451123 is divided by 46?
43
Calculate the remainder when 38248922 is divided by 691.
690
What is the remainder when 6447448 is divided by 86?
28
Calculate the remainder when 10172023 is divided by 45.
43
Calculate the remainder when 42843 is divided by 698.
265
Calculate the remainder when 193555 is divided by 204.
163
Calculate the remainder when 951948 is divided by 17308.
8
What is the remainder when 176459 is divided by 2230?
289
Calculate the remainder when 3273 is divided by 1585.
103
What is the remainder when 1476191 is divided by 492059?
14
Calculate the remainder when 93144 is divided by 334.
292
Calculate the remainder when 302752934 is divided by 45.
44
Calculate the remainder when 52441474 is divided by 2556.
22
What is the remainder when 6881 is divided by 3503?
3378
Calculate the remainder when 586278 is divided by 117105.
753
Calculate the remainder when 29738 is divided by 172.
154
What is the remainder when 753892 is divided by 251218?
238
Calculate the remainder when 3185 is divided by 792.
17
Calculate the remainder when 14776 is divided by 3994.
2794
What is the remainder when 330940 is divided by 65445?
3715
What is the remainder when 1137329 is divided by 3144?
2345
What is the remainder when 14533263 is divided by 51?
48
Calculate the remainder when 921596 is divided by 900.
896
What is the remainder when 1098723 is divided by 11211?
45
Calculate the remainder when 10982677 is divided by 204.
133
Calculate the remainder when 686922 is divided by 8932.
8090
Calculate the remainder when 432294 is divided by 2129.
107
What is the remainder when 5672993 is divided by 930?
923
Calculate the remainder when 21823 is divided by 6850.
1273
Calculate the remainder when 3911466 is divided by 31800.
66
Calculate the remainder when 102670 is divided by 14263.
2829
What is the remainder when 5442456 is divided by 907058?
108
What is the remainder when 3785117 is divided by 258?
257
What is the remainder when 922827710 is divided by 51?
50
Calculate the remainder when 852349 is divided by 35445.
1669
What is the remainder when 9150677 is divided by 8765?
17
What is the remainder when 8466416 is divided by 2268?
2240
What is the remainder when 4289227 is divided by 2115?
7
What is the remainder when 138044199 is divided by 1049?
1044
Calculate the remainder when 653614 is divided by 368.
46
What is the remainder when 9367031 is divided by 345?
281
Calculate the remainder when 350677 is divided by 10098.
7345
What is the remainder when 17578672 is divided by 90147?
7
Calculate the remainder when 284577197 is divided by 872.
869
What is the remainder when 1263473 is divided by 5988?
5
What is the remainder when 1222058 is divided by 33028?
22
What is the remainder when 47487 is divided by 4?
3
What is the remainder when 21636335 is divided by 46?
5
What is the remainder when 20476202 is divided by 6825390?
32
Calculate the remainder when 684772 is divided by 684708.
64
What is the remainder when 30796448 is divided by 167372?
0
Calculate the remainder when 1259166809 is divided by 11.
10
Calculate the remainder when 17020666 is divided by 438.
424
Calculate the remainder when 32251739 is divided by 3111.
2
What is the remainder when 144124109 is divided by 585?
584
What is the remainder when 3277029 is divided by 5177?
5165
Calculate the remainder when 3927879 is divided by 11.
10
What is the remain